{"id":11,"date":"2018-09-01T10:41:19","date_gmt":"2018-09-01T08:41:19","guid":{"rendered":"http:\/\/kominarstvosenec.sk\/?page_id=11"},"modified":"2023-09-21T21:05:20","modified_gmt":"2023-09-21T19:05:20","slug":"kontakt","status":"publish","type":"page","link":"https:\/\/kominarstvosenec.sk\/index.php\/kontakt\/","title":{"rendered":"Kontakt"},"content":{"rendered":"<p>[vc_row][vc_column width=&#8220;1\/2&#8243;][vc_column_text]<strong>K\u00e1lm\u00e1n Ladislav\u00a0\u00a0<\/strong><\/p>\n<p><strong><img decoding=\"async\" loading=\"lazy\" class=\"wp-image-21 alignleft\" src=\"http:\/\/kominarstvosenec.sk\/wp-content\/uploads\/2018\/09\/MetroUI_Phone1-150x150.png\" alt=\"\" width=\"13\" height=\"13\" srcset=\"https:\/\/kominarstvosenec.sk\/wp-content\/uploads\/2018\/09\/MetroUI_Phone1-150x150.png 150w, https:\/\/kominarstvosenec.sk\/wp-content\/uploads\/2018\/09\/MetroUI_Phone1-300x300.png 300w, https:\/\/kominarstvosenec.sk\/wp-content\/uploads\/2018\/09\/MetroUI_Phone1.png 512w\" sizes=\"(max-width: 13px) 100vw, 13px\" \/><a href=\"tel:0905 643\u00a0724\">0905 643\u00a0724<\/a><\/strong><\/p>\n<p style=\"text-align: left;\">(cechmajster bratislavsk\u00e9ho kraja) rev\u00edzny technik kom\u00ednov<\/p>\n<p><strong>Bar\u00e1nyi Peter<\/strong> &#8211; rev\u00edzny technik kom\u00ednov<\/p>\n<p><strong><img decoding=\"async\" loading=\"lazy\" class=\"wp-image-21 alignleft\" src=\"http:\/\/kominarstvosenec.sk\/wp-content\/uploads\/2018\/09\/MetroUI_Phone1-150x150.png\" alt=\"\" width=\"13\" height=\"13\" srcset=\"https:\/\/kominarstvosenec.sk\/wp-content\/uploads\/2018\/09\/MetroUI_Phone1-150x150.png 150w, https:\/\/kominarstvosenec.sk\/wp-content\/uploads\/2018\/09\/MetroUI_Phone1-300x300.png 300w, https:\/\/kominarstvosenec.sk\/wp-content\/uploads\/2018\/09\/MetroUI_Phone1.png 512w\" sizes=\"(max-width: 13px) 100vw, 13px\" \/><a href=\"tel:0903822100\">0903 822 100<\/a><\/strong><\/p>\n<p><strong>K\u00e1lm\u00e1nov\u00e1 T\u00e1\u0148a<\/strong> &#8211; komin\u00e1rka<\/p>\n<p><a href=\"tel:0905%20961%20527\"><strong><img decoding=\"async\" loading=\"lazy\" class=\"wp-image-21 alignleft\" src=\"http:\/\/kominarstvosenec.sk\/wp-content\/uploads\/2018\/09\/MetroUI_Phone1-150x150.png\" alt=\"\" width=\"13\" height=\"13\" srcset=\"https:\/\/kominarstvosenec.sk\/wp-content\/uploads\/2018\/09\/MetroUI_Phone1-150x150.png 150w, https:\/\/kominarstvosenec.sk\/wp-content\/uploads\/2018\/09\/MetroUI_Phone1-300x300.png 300w, https:\/\/kominarstvosenec.sk\/wp-content\/uploads\/2018\/09\/MetroUI_Phone1.png 512w\" sizes=\"(max-width: 13px) 100vw, 13px\" \/>0905 961 527<\/strong><\/a><\/p>\n<p>email:\u00a0<a href=\"mailto:kominarstvosenec@gmail.com\">kominarstvosenec@gmail.com<\/a><\/p>\n<p><strong>S\u00eddlo:<\/strong><\/p>\n<div>Komin\u00e1rstvo Senec s.r.o.<\/div>\n<div>Kapit\u00e1na J\u00e1na N\u00e1lepku 851\/3<\/div>\n<div>925 22 Ve\u013ek\u00e9 \u00da\u013eany<\/div>\n<div>I\u010cO: 52 366 022<\/div>\n<p>[\/vc_column_text][\/vc_column][vc_column width=&#8220;1\/2&#8243;]\n<div class=\"wpcf7 no-js\" id=\"wpcf7-f20-o1\" lang=\"sk-SK\" dir=\"ltr\">\n<div class=\"screen-reader-response\"><p role=\"status\" aria-live=\"polite\" aria-atomic=\"true\"><\/p> <ul><\/ul><\/div>\n<form action=\"\/index.php\/wp-json\/wp\/v2\/pages\/11#wpcf7-f20-o1\" method=\"post\" class=\"wpcf7-form init cf7skins cf7s-mushroom\" aria-label=\"Contact form\" novalidate=\"novalidate\" data-status=\"init\">\n<div style=\"display: none;\">\n<input type=\"hidden\" name=\"_wpcf7\" value=\"20\" \/>\n<input type=\"hidden\" name=\"_wpcf7_version\" value=\"5.8\" \/>\n<input type=\"hidden\" name=\"_wpcf7_locale\" value=\"sk_SK\" \/>\n<input type=\"hidden\" name=\"_wpcf7_unit_tag\" value=\"wpcf7-f20-o1\" \/>\n<input type=\"hidden\" name=\"_wpcf7_container_post\" value=\"0\" \/>\n<input type=\"hidden\" name=\"_wpcf7_posted_data_hash\" value=\"\" \/>\n<\/div>\n<label> Va\u0161e meno (povinn\u00e9)\n    <span class=\"wpcf7-form-control-wrap\" data-name=\"your-name\"><input size=\"40\" class=\"wpcf7-form-control wpcf7-text wpcf7-validates-as-required\" aria-required=\"true\" aria-invalid=\"false\" value=\"\" type=\"text\" name=\"your-name\" \/><\/span> <\/label>\n\n<label> V\u00e1\u0161 email (povinn\u00e9)\n    <span class=\"wpcf7-form-control-wrap\" data-name=\"your-email\"><input size=\"40\" class=\"wpcf7-form-control wpcf7-email wpcf7-validates-as-required wpcf7-text wpcf7-validates-as-email\" aria-required=\"true\" aria-invalid=\"false\" value=\"\" type=\"email\" name=\"your-email\" \/><\/span> <\/label>\n\n<label> Obec\n    <span class=\"wpcf7-form-control-wrap\" data-name=\"your-subject\"><input size=\"40\" class=\"wpcf7-form-control wpcf7-text\" aria-invalid=\"false\" value=\"\" type=\"text\" name=\"your-subject\" \/><\/span> <\/label>\n\n<label> Tel.\n    <span class=\"wpcf7-form-control-wrap\" data-name=\"tel-626\"><input size=\"40\" class=\"wpcf7-form-control wpcf7-tel wpcf7-validates-as-required wpcf7-text wpcf7-validates-as-tel\" aria-required=\"true\" aria-invalid=\"false\" value=\"\" type=\"tel\" name=\"tel-626\" \/><\/span><\/label>\n\n<label> Va\u0161a spr\u00e1va\n    <span class=\"wpcf7-form-control-wrap\" data-name=\"your-message\"><textarea cols=\"40\" rows=\"10\" class=\"wpcf7-form-control wpcf7-textarea\" aria-invalid=\"false\" name=\"your-message\"><\/textarea><\/span> <\/label>\n\n<span class=\"wpcf7-form-control-wrap\" data-name=\"acceptance-934\"><span class=\"wpcf7-form-control wpcf7-acceptance optional\"><span class=\"wpcf7-list-item\"><label><input type=\"checkbox\" name=\"acceptance-934\" value=\"1\" aria-invalid=\"false\" \/><span class=\"wpcf7-list-item-label\">S\u00fahlas\u00edm so spracovan\u00edm osobn\u00fdch \u00fadajov<\/span><\/label><\/span><\/span><\/span>\n\n<input class=\"wpcf7-form-control wpcf7-submit has-spinner\" type=\"submit\" value=\"Odo\u0161li\" \/><div class=\"wpcf7-response-output\" aria-hidden=\"true\"><\/div>\n<\/form>\n<\/div>\n[\/vc_column][\/vc_row]<\/p>\n","protected":false},"excerpt":{"rendered":"<p>[vc_row][vc_column width=&#8220;1\/2&#8243;][vc_column_text]K\u00e1lm\u00e1n Ladislav\u00a0\u00a0 0905 643\u00a0724 (cechmajster bratislavsk\u00e9ho kraja) rev\u00edzny technik kom\u00ednov Bar\u00e1nyi Peter &#8211; rev\u00edzny technik kom\u00ednov 0903 822 100 K\u00e1lm\u00e1nov\u00e1 T\u00e1\u0148a &#8211; komin\u00e1rka 0905 961 527 email:\u00a0kominarstvosenec@gmail.com S\u00eddlo: Komin\u00e1rstvo Senec s.r.o. Kapit\u00e1na J\u00e1na N\u00e1lepku 851\/3 925 22 Ve\u013ek\u00e9 \u00da\u013eany I\u010cO: 52 366 022 [\/vc_column_text][\/vc_column][vc_column width=&#8220;1\/2&#8243;][\/vc_column][\/vc_row]<\/p>\n","protected":false},"author":1,"featured_media":0,"parent":0,"menu_order":0,"comment_status":"closed","ping_status":"closed","template":"page-templates\/full-width.php","meta":{"footnotes":""},"_links":{"self":[{"href":"https:\/\/kominarstvosenec.sk\/index.php\/wp-json\/wp\/v2\/pages\/11"}],"collection":[{"href":"https:\/\/kominarstvosenec.sk\/index.php\/wp-json\/wp\/v2\/pages"}],"about":[{"href":"https:\/\/kominarstvosenec.sk\/index.php\/wp-json\/wp\/v2\/types\/page"}],"author":[{"embeddable":true,"href":"https:\/\/kominarstvosenec.sk\/index.php\/wp-json\/wp\/v2\/users\/1"}],"replies":[{"embeddable":true,"href":"https:\/\/kominarstvosenec.sk\/index.php\/wp-json\/wp\/v2\/comments?post=11"}],"version-history":[{"count":4,"href":"https:\/\/kominarstvosenec.sk\/index.php\/wp-json\/wp\/v2\/pages\/11\/revisions"}],"predecessor-version":[{"id":38,"href":"https:\/\/kominarstvosenec.sk\/index.php\/wp-json\/wp\/v2\/pages\/11\/revisions\/38"}],"wp:attachment":[{"href":"https:\/\/kominarstvosenec.sk\/index.php\/wp-json\/wp\/v2\/media?parent=11"}],"curies":[{"name":"wp","href":"https:\/\/api.w.org\/{rel}","templated":true}]}}